{"id":473,"date":"2022-08-10T11:32:28","date_gmt":"2022-08-10T11:32:28","guid":{"rendered":"http:\/\/localhost:81\/volvo_bar\/?page_id=473"},"modified":"2022-12-12T15:14:21","modified_gmt":"2022-12-12T14:14:21","slug":"team","status":"publish","type":"page","link":"https:\/\/volvo-baar.ch\/staging\/uber-uns\/team\/","title":{"rendered":"Team"},"content":{"rendered":"","protected":false},"excerpt":{"rendered":"","protected":false},"author":1,"featured_media":3117,"parent":46,"menu_order":0,"comment_status":"closed","ping_status":"closed","template":"template_team.php","meta":{"inline_featured_image":false,"footnotes":""},"class_list":["post-473","page","type-page","status-publish","has-post-thumbnail","hentry"],"yoast_head":"<!-- This site is optimized with the Yoast SEO plugin v19.10 - https:\/\/yoast.com\/wordpress\/plugins\/seo\/ -->\n<title>Team - H\u00fcsser &amp; Palkoska AG<\/title>\n<meta name=\"description\" content=\"M\u00f6chten Sie unser Team kennenlernen? Hier finden Sie all unsere Mitarbeitenden von der Gesch\u00e4ftsf\u00fchrung, dem Verkauf bis zu den Lehrlingen.\" \/>\n<meta name=\"robots\" content=\"noindex, follow, max-snippet:-1, max-image-preview:large, max-video-preview:-1\" \/>\n<meta property=\"og:locale\" content=\"de_DE\" \/>\n<meta property=\"og:type\" content=\"article\" \/>\n<meta property=\"og:title\" content=\"Team - H\u00fcsser &amp; Palkoska AG\" \/>\n<meta property=\"og:description\" content=\"M\u00f6chten Sie unser Team kennenlernen? Hier finden Sie all unsere Mitarbeitenden von der Gesch\u00e4ftsf\u00fchrung, dem Verkauf bis zu den Lehrlingen.\" \/>\n<meta property=\"og:url\" content=\"https:\/\/volvo-baar.ch\/staging\/uber-uns\/team\/\" \/>\n<meta property=\"og:site_name\" content=\"H\u00fcsser &amp; Palkoska\" \/>\n<meta property=\"article:publisher\" content=\"https:\/\/www.facebook.com\/volvobaar.ch\" \/>\n<meta property=\"article:modified_time\" content=\"2022-12-12T14:14:21+00:00\" \/>\n<meta property=\"og:image\" content=\"https:\/\/volvo-baar.ch\/staging\/wp-content\/uploads\/2022\/10\/Teambild-fur-Teamseite.jpg\" \/>\n\t<meta property=\"og:image:width\" content=\"2048\" \/>\n\t<meta property=\"og:image:height\" content=\"1536\" \/>\n\t<meta property=\"og:image:type\" content=\"image\/jpeg\" \/>\n<meta name=\"twitter:card\" content=\"summary_large_image\" \/>\n<script type=\"application\/ld+json\" class=\"yoast-schema-graph\">{\"@context\":\"https:\/\/schema.org\",\"@graph\":[{\"@type\":\"WebPage\",\"@id\":\"https:\/\/volvo-baar.ch\/staging\/uber-uns\/team\/\",\"url\":\"https:\/\/volvo-baar.ch\/staging\/uber-uns\/team\/\",\"name\":\"Team - H\u00fcsser & Palkoska AG\",\"isPartOf\":{\"@id\":\"https:\/\/volvo-baar.ch\/staging\/#website\"},\"datePublished\":\"2022-08-10T11:32:28+00:00\",\"dateModified\":\"2022-12-12T14:14:21+00:00\",\"description\":\"M\u00f6chten Sie unser Team kennenlernen? Hier finden Sie all unsere Mitarbeitenden von der Gesch\u00e4ftsf\u00fchrung, dem Verkauf bis zu den Lehrlingen.\",\"breadcrumb\":{\"@id\":\"https:\/\/volvo-baar.ch\/staging\/uber-uns\/team\/#breadcrumb\"},\"inLanguage\":\"de\",\"potentialAction\":[{\"@type\":\"ReadAction\",\"target\":[\"https:\/\/volvo-baar.ch\/staging\/uber-uns\/team\/\"]}]},{\"@type\":\"BreadcrumbList\",\"@id\":\"https:\/\/volvo-baar.ch\/staging\/uber-uns\/team\/#breadcrumb\",\"itemListElement\":[{\"@type\":\"ListItem\",\"position\":1,\"name\":\"Home\",\"item\":\"https:\/\/volvo-baar.ch\/staging\/\"},{\"@type\":\"ListItem\",\"position\":2,\"name\":\"\u00dcber uns\",\"item\":\"https:\/\/volvo-baar.ch\/staging\/uber-uns\/\"},{\"@type\":\"ListItem\",\"position\":3,\"name\":\"Team\"}]},{\"@type\":\"WebSite\",\"@id\":\"https:\/\/volvo-baar.ch\/staging\/#website\",\"url\":\"https:\/\/volvo-baar.ch\/staging\/\",\"name\":\"H\u00fcsser &amp; Palkoska\",\"description\":\"H\u00fcsser &amp; Palkoska AG\",\"publisher\":{\"@id\":\"https:\/\/volvo-baar.ch\/staging\/#organization\"},\"potentialAction\":[{\"@type\":\"SearchAction\",\"target\":{\"@type\":\"EntryPoint\",\"urlTemplate\":\"https:\/\/volvo-baar.ch\/staging\/?s={search_term_string}\"},\"query-input\":\"required name=search_term_string\"}],\"inLanguage\":\"de\"},{\"@type\":\"Organization\",\"@id\":\"https:\/\/volvo-baar.ch\/staging\/#organization\",\"name\":\"H\u00fcsser &amp; Palkoska\",\"url\":\"https:\/\/volvo-baar.ch\/staging\/\",\"logo\":{\"@type\":\"ImageObject\",\"inLanguage\":\"de\",\"@id\":\"https:\/\/volvo-baar.ch\/staging\/#\/schema\/logo\/image\/\",\"url\":\"https:\/\/volvobaar.hosting2.tempdomain.ch\/wp-content\/uploads\/2022\/11\/Husser-logo-transparent.svg\",\"contentUrl\":\"https:\/\/volvobaar.hosting2.tempdomain.ch\/wp-content\/uploads\/2022\/11\/Husser-logo-transparent.svg\",\"width\":\"1024\",\"height\":\"1024\",\"caption\":\"H\u00fcsser &amp; Palkoska\"},\"image\":{\"@id\":\"https:\/\/volvo-baar.ch\/staging\/#\/schema\/logo\/image\/\"},\"sameAs\":[\"https:\/\/www.linkedin.com\/company\/hsser-palkoska-ag\/\",\"https:\/\/www.instagram.com\/volvobaar.ch\/\",\"https:\/\/www.facebook.com\/volvobaar.ch\"]}]}<\/script>\n<!-- \/ Yoast SEO plugin. -->","yoast_head_json":{"title":"Team - H\u00fcsser & Palkoska AG","description":"M\u00f6chten Sie unser Team kennenlernen? Hier finden Sie all unsere Mitarbeitenden von der Gesch\u00e4ftsf\u00fchrung, dem Verkauf bis zu den Lehrlingen.","robots":{"index":"noindex","follow":"follow","max-snippet":"max-snippet:-1","max-image-preview":"max-image-preview:large","max-video-preview":"max-video-preview:-1"},"og_locale":"de_DE","og_type":"article","og_title":"Team - H\u00fcsser & Palkoska AG","og_description":"M\u00f6chten Sie unser Team kennenlernen? Hier finden Sie all unsere Mitarbeitenden von der Gesch\u00e4ftsf\u00fchrung, dem Verkauf bis zu den Lehrlingen.","og_url":"https:\/\/volvo-baar.ch\/staging\/uber-uns\/team\/","og_site_name":"H\u00fcsser &amp; Palkoska","article_publisher":"https:\/\/www.facebook.com\/volvobaar.ch","article_modified_time":"2022-12-12T14:14:21+00:00","og_image":[{"width":2048,"height":1536,"url":"https:\/\/volvo-baar.ch\/staging\/wp-content\/uploads\/2022\/10\/Teambild-fur-Teamseite.jpg","type":"image\/jpeg"}],"twitter_card":"summary_large_image","schema":{"@context":"https:\/\/schema.org","@graph":[{"@type":"WebPage","@id":"https:\/\/volvo-baar.ch\/staging\/uber-uns\/team\/","url":"https:\/\/volvo-baar.ch\/staging\/uber-uns\/team\/","name":"Team - H\u00fcsser & Palkoska AG","isPartOf":{"@id":"https:\/\/volvo-baar.ch\/staging\/#website"},"datePublished":"2022-08-10T11:32:28+00:00","dateModified":"2022-12-12T14:14:21+00:00","description":"M\u00f6chten Sie unser Team kennenlernen? Hier finden Sie all unsere Mitarbeitenden von der Gesch\u00e4ftsf\u00fchrung, dem Verkauf bis zu den Lehrlingen.","breadcrumb":{"@id":"https:\/\/volvo-baar.ch\/staging\/uber-uns\/team\/#breadcrumb"},"inLanguage":"de","potentialAction":[{"@type":"ReadAction","target":["https:\/\/volvo-baar.ch\/staging\/uber-uns\/team\/"]}]},{"@type":"BreadcrumbList","@id":"https:\/\/volvo-baar.ch\/staging\/uber-uns\/team\/#breadcrumb","itemListElement":[{"@type":"ListItem","position":1,"name":"Home","item":"https:\/\/volvo-baar.ch\/staging\/"},{"@type":"ListItem","position":2,"name":"\u00dcber uns","item":"https:\/\/volvo-baar.ch\/staging\/uber-uns\/"},{"@type":"ListItem","position":3,"name":"Team"}]},{"@type":"WebSite","@id":"https:\/\/volvo-baar.ch\/staging\/#website","url":"https:\/\/volvo-baar.ch\/staging\/","name":"H\u00fcsser &amp; Palkoska","description":"H\u00fcsser &amp; Palkoska AG","publisher":{"@id":"https:\/\/volvo-baar.ch\/staging\/#organization"},"potentialAction":[{"@type":"SearchAction","target":{"@type":"EntryPoint","urlTemplate":"https:\/\/volvo-baar.ch\/staging\/?s={search_term_string}"},"query-input":"required name=search_term_string"}],"inLanguage":"de"},{"@type":"Organization","@id":"https:\/\/volvo-baar.ch\/staging\/#organization","name":"H\u00fcsser &amp; Palkoska","url":"https:\/\/volvo-baar.ch\/staging\/","logo":{"@type":"ImageObject","inLanguage":"de","@id":"https:\/\/volvo-baar.ch\/staging\/#\/schema\/logo\/image\/","url":"https:\/\/volvobaar.hosting2.tempdomain.ch\/wp-content\/uploads\/2022\/11\/Husser-logo-transparent.svg","contentUrl":"https:\/\/volvobaar.hosting2.tempdomain.ch\/wp-content\/uploads\/2022\/11\/Husser-logo-transparent.svg","width":"1024","height":"1024","caption":"H\u00fcsser &amp; Palkoska"},"image":{"@id":"https:\/\/volvo-baar.ch\/staging\/#\/schema\/logo\/image\/"},"sameAs":["https:\/\/www.linkedin.com\/company\/hsser-palkoska-ag\/","https:\/\/www.instagram.com\/volvobaar.ch\/","https:\/\/www.facebook.com\/volvobaar.ch"]}]}},"acf":[],"_links":{"self":[{"href":"https:\/\/volvo-baar.ch\/staging\/wp-json\/wp\/v2\/pages\/473","targetHints":{"allow":["GET"]}}],"collection":[{"href":"https:\/\/volvo-baar.ch\/staging\/wp-json\/wp\/v2\/pages"}],"about":[{"href":"https:\/\/volvo-baar.ch\/staging\/wp-json\/wp\/v2\/types\/page"}],"author":[{"embeddable":true,"href":"https:\/\/volvo-baar.ch\/staging\/wp-json\/wp\/v2\/users\/1"}],"replies":[{"embeddable":true,"href":"https:\/\/volvo-baar.ch\/staging\/wp-json\/wp\/v2\/comments?post=473"}],"version-history":[{"count":12,"href":"https:\/\/volvo-baar.ch\/staging\/wp-json\/wp\/v2\/pages\/473\/revisions"}],"predecessor-version":[{"id":5669,"href":"https:\/\/volvo-baar.ch\/staging\/wp-json\/wp\/v2\/pages\/473\/revisions\/5669"}],"up":[{"embeddable":true,"href":"https:\/\/volvo-baar.ch\/staging\/wp-json\/wp\/v2\/pages\/46"}],"wp:featuredmedia":[{"embeddable":true,"href":"https:\/\/volvo-baar.ch\/staging\/wp-json\/wp\/v2\/media\/3117"}],"wp:attachment":[{"href":"https:\/\/volvo-baar.ch\/staging\/wp-json\/wp\/v2\/media?parent=473"}],"curies":[{"name":"wp","href":"https:\/\/api.w.org\/{rel}","templated":true}]}}