{"id":1098,"date":"2022-09-03T09:21:27","date_gmt":"2022-09-03T07:21:27","guid":{"rendered":"https:\/\/volvo-baar.ch\/?page_id=1098"},"modified":"2022-12-12T15:14:27","modified_gmt":"2022-12-12T14:14:27","slug":"unsere-fahrzeuge","status":"publish","type":"page","link":"https:\/\/volvo-baar.ch\/staging\/unsere-fahrzeuge\/","title":{"rendered":"Unsere Fahrzeuge"},"content":{"rendered":"","protected":false},"excerpt":{"rendered":"","protected":false},"author":1,"featured_media":1101,"parent":0,"menu_order":0,"comment_status":"closed","ping_status":"closed","template":"template-unsere-fahrzeuge-forms.php","meta":{"inline_featured_image":false,"footnotes":""},"class_list":["post-1098","page","type-page","status-publish","has-post-thumbnail","hentry"],"yoast_head":"<!-- This site is optimized with the Yoast SEO plugin v19.10 - https:\/\/yoast.com\/wordpress\/plugins\/seo\/ -->\n<title>Unsere Fahrzeuge - H\u00fcsser &amp; Palkoska AG<\/title>\n<meta name=\"description\" content=\"Egal, ob Sie eine Fahrzeug-Reservation, eine Probefahrt oder einen Beratungstermin w\u00fcnschen. Kontaktieren Sie uns \u00fcber das Kontaktformular.\" \/>\n<meta name=\"robots\" content=\"noindex, follow, max-snippet:-1, max-image-preview:large, max-video-preview:-1\" \/>\n<meta property=\"og:locale\" content=\"de_DE\" \/>\n<meta property=\"og:type\" content=\"article\" \/>\n<meta property=\"og:title\" content=\"Unsere Fahrzeuge - H\u00fcsser &amp; Palkoska AG\" \/>\n<meta property=\"og:description\" content=\"Egal, ob Sie eine Fahrzeug-Reservation, eine Probefahrt oder einen Beratungstermin w\u00fcnschen. Kontaktieren Sie uns \u00fcber das Kontaktformular.\" \/>\n<meta property=\"og:url\" content=\"https:\/\/volvo-baar.ch\/staging\/unsere-fahrzeuge\/\" \/>\n<meta property=\"og:site_name\" content=\"H\u00fcsser &amp; Palkoska\" \/>\n<meta property=\"article:publisher\" content=\"https:\/\/www.facebook.com\/volvobaar.ch\" \/>\n<meta property=\"article:modified_time\" content=\"2022-12-12T14:14:27+00:00\" \/>\n<meta property=\"og:image\" content=\"https:\/\/volvo-baar.ch\/staging\/wp-content\/uploads\/2022\/09\/our-vechile-head-1024x488.png\" \/>\n\t<meta property=\"og:image:width\" content=\"1024\" \/>\n\t<meta property=\"og:image:height\" content=\"488\" \/>\n\t<meta property=\"og:image:type\" content=\"image\/png\" \/>\n<meta name=\"twitter:card\" content=\"summary_large_image\" \/>\n<script type=\"application\/ld+json\" class=\"yoast-schema-graph\">{\"@context\":\"https:\/\/schema.org\",\"@graph\":[{\"@type\":\"WebPage\",\"@id\":\"https:\/\/volvo-baar.ch\/staging\/unsere-fahrzeuge\/\",\"url\":\"https:\/\/volvo-baar.ch\/staging\/unsere-fahrzeuge\/\",\"name\":\"Unsere Fahrzeuge - H\u00fcsser & Palkoska AG\",\"isPartOf\":{\"@id\":\"https:\/\/volvo-baar.ch\/staging\/#website\"},\"datePublished\":\"2022-09-03T07:21:27+00:00\",\"dateModified\":\"2022-12-12T14:14:27+00:00\",\"description\":\"Egal, ob Sie eine Fahrzeug-Reservation, eine Probefahrt oder einen Beratungstermin w\u00fcnschen. Kontaktieren Sie uns \u00fcber das Kontaktformular.\",\"breadcrumb\":{\"@id\":\"https:\/\/volvo-baar.ch\/staging\/unsere-fahrzeuge\/#breadcrumb\"},\"inLanguage\":\"de\",\"potentialAction\":[{\"@type\":\"ReadAction\",\"target\":[\"https:\/\/volvo-baar.ch\/staging\/unsere-fahrzeuge\/\"]}]},{\"@type\":\"BreadcrumbList\",\"@id\":\"https:\/\/volvo-baar.ch\/staging\/unsere-fahrzeuge\/#breadcrumb\",\"itemListElement\":[{\"@type\":\"ListItem\",\"position\":1,\"name\":\"Home\",\"item\":\"https:\/\/volvo-baar.ch\/staging\/\"},{\"@type\":\"ListItem\",\"position\":2,\"name\":\"Unsere Fahrzeuge\"}]},{\"@type\":\"WebSite\",\"@id\":\"https:\/\/volvo-baar.ch\/staging\/#website\",\"url\":\"https:\/\/volvo-baar.ch\/staging\/\",\"name\":\"H\u00fcsser &amp; Palkoska\",\"description\":\"H\u00fcsser &amp; Palkoska AG\",\"publisher\":{\"@id\":\"https:\/\/volvo-baar.ch\/staging\/#organization\"},\"potentialAction\":[{\"@type\":\"SearchAction\",\"target\":{\"@type\":\"EntryPoint\",\"urlTemplate\":\"https:\/\/volvo-baar.ch\/staging\/?s={search_term_string}\"},\"query-input\":\"required name=search_term_string\"}],\"inLanguage\":\"de\"},{\"@type\":\"Organization\",\"@id\":\"https:\/\/volvo-baar.ch\/staging\/#organization\",\"name\":\"H\u00fcsser &amp; Palkoska\",\"url\":\"https:\/\/volvo-baar.ch\/staging\/\",\"logo\":{\"@type\":\"ImageObject\",\"inLanguage\":\"de\",\"@id\":\"https:\/\/volvo-baar.ch\/staging\/#\/schema\/logo\/image\/\",\"url\":\"https:\/\/volvobaar.hosting2.tempdomain.ch\/wp-content\/uploads\/2022\/11\/Husser-logo-transparent.svg\",\"contentUrl\":\"https:\/\/volvobaar.hosting2.tempdomain.ch\/wp-content\/uploads\/2022\/11\/Husser-logo-transparent.svg\",\"width\":\"1024\",\"height\":\"1024\",\"caption\":\"H\u00fcsser &amp; Palkoska\"},\"image\":{\"@id\":\"https:\/\/volvo-baar.ch\/staging\/#\/schema\/logo\/image\/\"},\"sameAs\":[\"https:\/\/www.linkedin.com\/company\/hsser-palkoska-ag\/\",\"https:\/\/www.instagram.com\/volvobaar.ch\/\",\"https:\/\/www.facebook.com\/volvobaar.ch\"]}]}<\/script>\n<!-- \/ Yoast SEO plugin. -->","yoast_head_json":{"title":"Unsere Fahrzeuge - H\u00fcsser & Palkoska AG","description":"Egal, ob Sie eine Fahrzeug-Reservation, eine Probefahrt oder einen Beratungstermin w\u00fcnschen. Kontaktieren Sie uns \u00fcber das Kontaktformular.","robots":{"index":"noindex","follow":"follow","max-snippet":"max-snippet:-1","max-image-preview":"max-image-preview:large","max-video-preview":"max-video-preview:-1"},"og_locale":"de_DE","og_type":"article","og_title":"Unsere Fahrzeuge - H\u00fcsser & Palkoska AG","og_description":"Egal, ob Sie eine Fahrzeug-Reservation, eine Probefahrt oder einen Beratungstermin w\u00fcnschen. Kontaktieren Sie uns \u00fcber das Kontaktformular.","og_url":"https:\/\/volvo-baar.ch\/staging\/unsere-fahrzeuge\/","og_site_name":"H\u00fcsser &amp; Palkoska","article_publisher":"https:\/\/www.facebook.com\/volvobaar.ch","article_modified_time":"2022-12-12T14:14:27+00:00","og_image":[{"width":1024,"height":488,"url":"https:\/\/volvo-baar.ch\/staging\/wp-content\/uploads\/2022\/09\/our-vechile-head-1024x488.png","type":"image\/png"}],"twitter_card":"summary_large_image","schema":{"@context":"https:\/\/schema.org","@graph":[{"@type":"WebPage","@id":"https:\/\/volvo-baar.ch\/staging\/unsere-fahrzeuge\/","url":"https:\/\/volvo-baar.ch\/staging\/unsere-fahrzeuge\/","name":"Unsere Fahrzeuge - H\u00fcsser & Palkoska AG","isPartOf":{"@id":"https:\/\/volvo-baar.ch\/staging\/#website"},"datePublished":"2022-09-03T07:21:27+00:00","dateModified":"2022-12-12T14:14:27+00:00","description":"Egal, ob Sie eine Fahrzeug-Reservation, eine Probefahrt oder einen Beratungstermin w\u00fcnschen. Kontaktieren Sie uns \u00fcber das Kontaktformular.","breadcrumb":{"@id":"https:\/\/volvo-baar.ch\/staging\/unsere-fahrzeuge\/#breadcrumb"},"inLanguage":"de","potentialAction":[{"@type":"ReadAction","target":["https:\/\/volvo-baar.ch\/staging\/unsere-fahrzeuge\/"]}]},{"@type":"BreadcrumbList","@id":"https:\/\/volvo-baar.ch\/staging\/unsere-fahrzeuge\/#breadcrumb","itemListElement":[{"@type":"ListItem","position":1,"name":"Home","item":"https:\/\/volvo-baar.ch\/staging\/"},{"@type":"ListItem","position":2,"name":"Unsere Fahrzeuge"}]},{"@type":"WebSite","@id":"https:\/\/volvo-baar.ch\/staging\/#website","url":"https:\/\/volvo-baar.ch\/staging\/","name":"H\u00fcsser &amp; Palkoska","description":"H\u00fcsser &amp; Palkoska AG","publisher":{"@id":"https:\/\/volvo-baar.ch\/staging\/#organization"},"potentialAction":[{"@type":"SearchAction","target":{"@type":"EntryPoint","urlTemplate":"https:\/\/volvo-baar.ch\/staging\/?s={search_term_string}"},"query-input":"required name=search_term_string"}],"inLanguage":"de"},{"@type":"Organization","@id":"https:\/\/volvo-baar.ch\/staging\/#organization","name":"H\u00fcsser &amp; Palkoska","url":"https:\/\/volvo-baar.ch\/staging\/","logo":{"@type":"ImageObject","inLanguage":"de","@id":"https:\/\/volvo-baar.ch\/staging\/#\/schema\/logo\/image\/","url":"https:\/\/volvobaar.hosting2.tempdomain.ch\/wp-content\/uploads\/2022\/11\/Husser-logo-transparent.svg","contentUrl":"https:\/\/volvobaar.hosting2.tempdomain.ch\/wp-content\/uploads\/2022\/11\/Husser-logo-transparent.svg","width":"1024","height":"1024","caption":"H\u00fcsser &amp; Palkoska"},"image":{"@id":"https:\/\/volvo-baar.ch\/staging\/#\/schema\/logo\/image\/"},"sameAs":["https:\/\/www.linkedin.com\/company\/hsser-palkoska-ag\/","https:\/\/www.instagram.com\/volvobaar.ch\/","https:\/\/www.facebook.com\/volvobaar.ch"]}]}},"acf":[],"_links":{"self":[{"href":"https:\/\/volvo-baar.ch\/staging\/wp-json\/wp\/v2\/pages\/1098","targetHints":{"allow":["GET"]}}],"collection":[{"href":"https:\/\/volvo-baar.ch\/staging\/wp-json\/wp\/v2\/pages"}],"about":[{"href":"https:\/\/volvo-baar.ch\/staging\/wp-json\/wp\/v2\/types\/page"}],"author":[{"embeddable":true,"href":"https:\/\/volvo-baar.ch\/staging\/wp-json\/wp\/v2\/users\/1"}],"replies":[{"embeddable":true,"href":"https:\/\/volvo-baar.ch\/staging\/wp-json\/wp\/v2\/comments?post=1098"}],"version-history":[{"count":36,"href":"https:\/\/volvo-baar.ch\/staging\/wp-json\/wp\/v2\/pages\/1098\/revisions"}],"predecessor-version":[{"id":5829,"href":"https:\/\/volvo-baar.ch\/staging\/wp-json\/wp\/v2\/pages\/1098\/revisions\/5829"}],"wp:featuredmedia":[{"embeddable":true,"href":"https:\/\/volvo-baar.ch\/staging\/wp-json\/wp\/v2\/media\/1101"}],"wp:attachment":[{"href":"https:\/\/volvo-baar.ch\/staging\/wp-json\/wp\/v2\/media?parent=1098"}],"curies":[{"name":"wp","href":"https:\/\/api.w.org\/{rel}","templated":true}]}}